00 + 111?
1012333211
In base 10, what is -7 - 479243?
-479250
In base 3, what is -2001020001100 + 20?
-2001020001010
In base 15, what is -2be88e + -7?
-2be896
In base 3, what is -12 - -10212202210010?
10212202202221
In base 14, what is 1b047 + 1b6?
1b21d
In base 10, what is 8660037 + -27?
8660010
In base 15, what is -2 + 123bc68?
123bc66
In base 3, what is -20 - 11021100222211111?
-11021100222211201
In base 2, what is -1111010001001100010101 - 10100?
-1111010001001100101001
In base 4, what is 2110 - -32032213232?
32032222002
In base 8, what is 2 - 3017135?
-3017133
In base 5, what is 1240 + -1014043002?
-1014041212
In base 4, what is -21210232020 + 10?
-21210232010
In base 5, what is -1031443321 + -13?
-1031443334
In base 13, what is 4253743 - 1?
4253742
In base 3, what is 2022002022121 + 10002?
2022002102200
In base 14, what is -16a41502 - 2?
-16a41504
In base 8, what is -116 - 5141331?
-5141447
In base 11, what is 36 - 231306?
-231280
In base 13, what is 1 + -16c898?
-16c897
In base 6, what is 144421 + 3345?
152210
In base 5, what is -2024 - -1420424?
1413400
In base 9, what is 4 + -81556872?
-81556867
In base 7, what is 10011223 - 1?
10011222
In base 3, what is 110011002200 - -2012?
110011011212
In base 9, what is -134080 - -3?
-134076
In base 2, what is 1010 - 1001111011111001110111?
-1001111011111001101101
In base 10, what is 79934 - -472?
80406
In base 5, what is -11413234 - 103?
-11413342
In base 11, what is 576a + 4633?
a2a2
In base 10, what is 564288597 + 0?
564288597
In base 12, what is 268a - 3b4bb?
-38a31
In base 2, what is -1000 - -111010001001011100111?
111010001001011011111
In base 11, what is -414659 - -370?
-414299
In base 4, what is -120 - 1123222133?
-1123222313
In base 14, what is -565c8 - -3c?
-5658a
In base 7, what is -3 + 11050503455?
11050503452
In base 6, what is 10251 + 235054?
245345
In base 9, what is -581 - -22358?
21667
In base 4, what is 2000230 + 3302221?
11303111
In base 10, what is 9630 + -22581?
-12951
In base 16, what is -afc31b - 16?
-afc331
In base 9, what is -2 + -31337524?
-31337526
In base 11, what is -1457 + 2a528?
29081
In base 3, what is 20 - -200202022200211?
200202022201001
In base 15, what is -4a - 12653d4?
-126542e
In base 11, what is 7a073 + 116?
7a189
In base 2, what is 10000011110011110010001 - 1000010?
10000011110011101001111
In base 4, what is 120213103213 + -1?
120213103212
In base 13, what is -5180b - 20?
-5182b
In base 4, what is 112 + -1311323002?
-1311322230
In base 6, what is 1 - -20251101?
20251102
In base 12, what is -17 - 5b4090?
-5b40a7
In base 2, what is -1000100011011000011111 + -101?
-1000100011011000100100
In base 5, what is 20404023 - 123?
20403400
In base 6, what is -30510354 + 2?
-30510352
In base 5, what is -433333203043 + 10?
-433333203033
In base 14, what is -141208 - 2?
-14120a
In base 4, what is 222302131210 - -21?
222302131231
In base 3, what is -1212101020 - 20210?
-1212122000
In base 10, what is 29 - 684004?
-683975
In base 12, what is 462 - a934?
-a492
In base 6, what is 1522 - -2443132?
2445054
In base 14, what is 1323d7d6 + -5?
1323d7d1
In base 2, what is -1000101001000100000011 + 111110?
-1000101001000011000101
In base 15, what is 1b36 - 39e2?
-1dab
In base 9, what is -3720 - -1512?
-2207
In base 14, what is -5 - -10a3d8?
10a3d3
In base 13, what is 895386 - -20?
8953a6
In base 14, what is -b7671b9 - -2?
-b7671b7
In base 15, what is 5 - -17915c1?
17915c6
In base 2, what is 10011011101010101010110 + 1?
10011011101010101010111
In base 12, what is a + 278ba1?
278bab
In base 2, what is 1001001110010010110010 - -1000?
1001001110010010111010
In base 7, what is 340241234 + -13?
340241221
In base 2, what is -100111001100101000101111110 + 10?
-100111001100101000101111100
In base 14, what is 1ba2904 + 0?
1ba2904
In base 8, what is -27 - -5150445?
5150416
In base 9, what is 0 - 17265160?
-17265160
In base 4, what is -3022101 + 133021?
-2223020
In base 13, what is -7b119 - 2?
-7b11b
In base 12, what is 39957 - 2?
39955
In base 10, what is 126 + 164294?
164420
In base 7, what is 10 - 11036045?
-11036035
In base 4, what is 1103130213020 - 10?
1103130213010
In base 8, what is -3 - -171703114?
171703111
In base 6, what is 5 - 1453233542?
-1453233533
In base 2, what is -1001011001 - 100011110010010111010?
-100011110011100010011
In base 12, what is -15421b5 + 105?
-15420b0
In base 3, what is -2122112 + 2100100?
-22012
In base 16, what is -e368539 + 3?
-e368536
In base 10, what is 168912 - 0?
168912
In base 2, what is -10111011001 + 100001100010101011?
100001001011010010
In base 3, what is 21002101 - 11010100?
2222001
In base 9, what is 5 + -12608702?
-12608686
In base 15, what is a09a21 - -2?
a09a23
In base 16, what is 1b5cb + 33?
1b5fe
In base 4, what is 1223 + -200300201?
-200232312
In base 9, what is -153 - -2148115?
2147852
In base 11, what is -100a + 131042?
130033
In base 11, what is -26368 + -5772?
-3102a
In base 12, what is -5 + -1b53369?
-1b53372
In base 15, what is 2ba - 3174?
-2da9
In base 7, what is -42006554 - -4?
-42006550
In base 16, what is -42 + -33c7c5?
-33c807
In base 11, what is 13018812 + 1?
13018813
In base 7, what is -1 + 25114435?
25114434
In base 6, what is 1213 + -130124?
-124511
In base 6, what is -450250 + -53?
-450343
In base 2, what is 1001 - -11100011000110111010011?
11100011000110111011100
In base 2, what is 1001010101100100011110010 - 11110?
1001010101100100011010100
In base 15, what is -65abc - -4?
-65ab8
In base 16, what is -2677cf + 7?
-2677c8
In base 14, what is 2b4 - -a61d6?
a64aa
In base 9, what is 13 + 622205?
622218
In base 12, what is 95345 - -112?
95457
In base 12, what is -77b7a2 - 33?
-77b815
In base 16, what is -3 - 29bf185?
-29bf188
In base 5, what is -11443011 + 22112?
-11420344
In base 12, what is 2 - 52963890?
-5296388a
In base 6, what is 140 + 4040032?
4040212
In base 4, what is 1233011 + 2121011?
10020022
In base 16, what is -5 + -247f8?
-247fd
In base 7, what is 0 - -411502?
411502
In base 14, what is -159d - -355bb?
3401c
In base 3, what is -10101222202110110 + 10?
-10101222202110100
In base 7, what is -1615034625 + -3?
-1615034631
In base 4, what is 1 - 102322110132?
-102322110131
In base 10, what is 7812946 + 1?
7812947
In base 9, what is -230 + 111267?
111037
In base 4, what is -23302 - 333132?
-1023100
In base 12, what is 2323313a - -2?
23233140
In base 11, what is -109487521 + -4?
-109487525
In base 2, what is -100110000100111 + -111001111?
-100110111110110
In base 9, what is 2 + -6670362?
-6670360
In base 2, what is 11 - -10000001010100000001111000?
10000001010100000001111011
In base 6, what is -1104241 + 22132?
-1042105
In base 15, what is -3c9 + 279e9?
27620
In base 13, what is 5 + -589c73?
-589c6b
In base 9, what is -7 - 881541?
-881548
In base 8, what is 513725 + -226?
513477
In base 10, what is -5749 - -20541?
14792
In base 7, what is 21361 + 1000?
22361
In base 8, what is 47641 - -716?
50557
In base 16, what is 437b + 191?
450c
In base 7, what is -4 + -2445303542?
-2445303546
In base 3, what is -100220122120 + -1012020?
-100221211210
In base 3, what is 2012202110102 + -212020?
2012201121012
In base 13, what is 718c423 + -15?
718c40b
In base 16, what is 17c2 + -bf?
1703
In base 8, what is -5057 - 76556?
-103635
In base 8, what is 20 + 3676554?
3676574
In base 3, what is 210200112021111 + 11?
210200112021122
In base 8, what is 4 - -7030367?
7030373
In base 7, what is -2442132 + 2113?
-2440016
In base 3, what is 202100202101 + 122220?
202101102021
In base 13, what is 58b - a9c1a?
-a965c
In base 7, what is 2025030 + -1546?
2023151
In base 14, what is aa8079 + 15?
aa8090
In base 8, what is 156643575 - -3?
156643600
In base 13, what is -205268572 + -3?
-205268575
In base 10, what is -1 + -25400?
-25401
In base 6, what is -3 - 323355535?
-323355542
In base 16, what is 2973ad + -6?
2973a7
In base 13, what is -10 - -448a00?
4489c0
In base 16, what is -29 - -3c9a35?
3c9a0c
In base 15, what is 3aac617 + 7?
3aac61e
In base 12, what is -2 + -bba281?
-bba283
In base 10, what is 131 - -153545?
153676
In base 8, what is 76 - 6756117?
-6756021
In base 4, what is -100022203 - -121?
-100022022
In base 8, what is -1434235 - -76?
-1434137
In base 10, what is 6985 - -144773?
151758
In base 15, what is 368cd7d - -6?
368cd84
In base 7,